).
39
Let v(f) = -3*f**3 - 89*f**2 + 568*f + 297. What is v(-35)?
17
Let s(i) = 161*i**3 - i**2 + 41*i - 90. Give s(2).
1276
Let q(j) = -3*j**2 - 106*j + 256. What is q(0)?
256
Let a(n) = 2*n**2 - 123*n + 1119. Give a(16).
-337
Let o(l) = -2*l**3 - 17*l**2 + 854*l - 1492. Calculate o(-26).
-36
Let q(o) = 2*o**2 + 208081*o - 1456678. Give q(7).
-13
Let p(l) = 31393*l + 1067286. Give p(-34).
-76
Let v(h) = 47645*h + 1858261. Determine v(-39).
106
Let i(y) = -11*y**3 - 4*y**2 + 114*y + 481. What is i(-5)?
1186
Let q(l) = -11831*l - 23654. Calculate q(-2).
8
Let c(a) = -25*a**3 + 1823*a**2 + 151*a - 376. Determine c(73).
-11
Let j(o) = 700*o + 16834. Calculate j(-23).
734
Let m(h) = 13*h**2 + 139737*h + 279479. Determine m(-2).
57
Let o(t) = 13*t**2 - 1879*t + 3754. Give o(2).
48
Let k(b) = 44*b + 1443. What is k(-19)?
607
Let d(c) = 10*c**3 + 44*c**2 - 12*c - 101. What is d(-4)?
11
Let q(k) = -233*k - 44962. Give q(-193).
7
Let n(t) = -76*t + 3759. Calculate n(36).
1023
Let a(i) = -i**2 - 2763*i - 1162901. Determine a(-518).
9
Let f(t) = t**2 - 206665*t - 27. What is f(0)?
-27
Let k(f) = -3*f**2 + 294*f + 52197. Determine k(-92).
-243
Let b(n) = -n**3 - 10*n**2 - 30*n - 1928. What is b(-16)?
88
Let k(s) = -48*s**2 + 1220*s - 6119. Give k(5).
-1219
Let k(p) = -520043*p - 2080145. Give k(-4).
27
Let q(l) = 5*l**3 - 2*l**2 - 33*l - 1. Give q(-8).
-2425
Let z(x) = x**3 - 442*x**2 - 4530*x + 4509. Determine z(452).
-11
Let n(o) = -21*o**2 + 669*o + 94. Calculate n(32).
-2
Let k(d) = -5*d**2 - 9484*d - 9488. Give k(-1).
-9
Let m(o) = 616*o**3 - 3*o**2 - 5*o + 8. Determine m(1).
616
Let s(z) = z**3 + 10*z**2 + 901*z + 10056. What is s(-11)?
24
Let v(f) = -270*f + 68031. What is v(252)?
-9
Let t(q) = -65229*q - 22569242. What is t(-346)?
-8
Let n(l) = 19*l**3 + 14*l**2 + 54*l - 258. What is n(3)?
543
Let y(u) = 3036*u + 88012. Give y(-29).
-32
Let g(d) = -4*d**3 - 79*d**2 - 319*d - 8818. Give g(-21).
86
Let j(a) = 577*a - 57790. Calculate j(105).
2795
Let j(z) = -z**2 - z + 1210. Determine j(34).
20
Let c(u) = u**3 - 17*u**2 - 251*u + 495. Calculate c(26).
53
Let s(v) = -4*v**3 - 1625*v**2 - 2025*v + 16. What is s(-405)?
16
Let v(g) = -529*g - 527. What is v(-2)?
531
Let n(x) = -19*x**3 + 304*x**2 + 1993*x + 26. Calculate n(21).
-16
Let n(f) = 20881*f - 29128992. Determine n(1395).
3
Let a(k) = k**3 + 22*k**2 - 40*k - 3. Give a(-23).
388
Let r(a) = a**3 - 3*a**2 + 23*a + 51. Calculate r(-3).
-72
Let k(m) = m**3 + 48*m**2 - 317*m - 18817. Calculate k(-46).
-3
Let g(h) = h**3 + 206*h**2 + 619*h - 38173. Calculate g(-202).
5
Let w(h) = -35*h**2 - 1753*h + 1726. What is w(-51)?
94
Let h(o) = -48293*o - 243478. Calculate h(-5).
-2013
Let w(y) = -y**3 - 219*y**2 - 3699*y - 16277. Determine w(-201).
4
Let g(f) = -f**3 + 20*f**2 + 367*f - 3056. What is g(8)?
648
Let l(u) = u**3 + 183*u**2 - 165*u + 3671. Calculate l(-184).
175
Let l(y) = -y**3 - 103*y**2 - 1192*y - 16586. Calculate l(-92).
-26
Let d(f) = f**2 - 56*f - 5453. Determine d(-51).
4
Let d(o) = o**2 - 46*o - 2149. What is d(-25)?
-374
Let u(c) = 30*c**2 + 1954*c + 199. Calculate u(-65).
-61
Let x(v) = -9*v**3 + 164*v**2 + 126*v + 212. Give x(19).
79
Let c(j) = -4*j**2 - 130*j + 1588. Determine c(9).
94
Let d(a) = -114*a + 7814. Calculate d(68).
62
Let w(z) = -z**2 + 5770*z + 760937. Determine w(-129).
-34
Let f(t) = 2372*t**2 - 35581*t + 14. Determine f(15).
-1
Let c(q) = -32*q**2 + 874*q + 626. Calculate c(28).
10
Let u(b) = -298*b**3 + b**2 - 165*b - 166. What is u(-1)?
298
Let y(w) = w**2 + 160*w + 4985. Calculate y(-118).
29
Let i(x) = x**3 + 384*x**2 + 1462*x - 321. What is i(-4)?
-89
Let a(v) = 82*v**2 + 3990*v + 23910. Determine a(-6).
2922
Let i(r) = 37*r**2 - 1295*r - 4219. Determine i(38).
-1
Let c(d) = 4*d**2 + 535*d - 7186. Give c(-145).
-661
Let k(l) = -3*l**3 + 36*l**2 + 2135*l - 23843. Determine k(11).
5
Let z(p) = -6*p**2 - 9943*p - 69418. Calculate z(-7).
-111
Let q(n) = 9667839*n + 77342721. Give q(-8).
9
Let a(w) = 330*w + 43659. What is a(-135)?
-891
Let p(w) = 9902*w - 108918. Give p(11).
4
Let y(l) = -2*l**3 + 1465*l**2 - 27116*l + 60. Calculate y(19).
3
Let i(f) = -47*f**2 + 3614*f + 23799. What is i(83)?
-22
Let q(k) = 89*k**2 - 4444*k - 188. Calculate q(50).
112
Let l(i) = -50272*i + 1005510. Calculate l(20).
70
Let v(i) = 690*i - 20106. What is v(34)?
3354
Let j(i) = -i**3 + 877*i**2 - 6087*i - 35. Give j(7).
-14
Let n(i) = 169*i**2 + 1411*i - 48. What is n(-8)?
-520
Let a(i) = -2*i**2 + 182*i + 12005. What is a(-44)?
125
Let h(t) = -t**2 - 379*t - 3973. Give h(-11).
75
Let f(q) = 2*q**3 - 10*q**2 + 14*q - 7. Calculate f(4).
17
Let h(m) = -17527*m + 52577. What is h(3)?
-4
Let n(u) = 5*u**3 - 33*u**2 + 398*u - 2311. What is n(6)?
-31
Let j(d) = 59*d - 11079. Calculate j(147).
-2406
Let i(d) = 335*d + 2233. What is i(-6)?
223
Let k(v) = -7360*v - 272555. Give k(-37).
-235
Let h(p) = p**3 + 20*p**2 + 626*p + 12418. Give h(-20).
-102
Let f(j) = -443890*j - 9321697. Calculate f(-21).
-7
Let a(r) = -684*r + 161416. Give a(236).
-8
Let b(f) = f**2 + 949*f + 220483. Calculate b(-406).
25
Let k(r) = -428*r - 2931. Give k(-5).
-791
Let l(s) = -s**2 + 4057*s - 112898. Give l(28).
-86
Let z(k) = 863*k**2 + 7182*k - 14467. What is z(-10)?
13
Let s(x) = -2*x**3 + 54*x**2 - 642*x - 342. Calculate s(19).
-6764
Let y(l) = l**3 - 116*l**2 + 324*l - 51621. What is y(117)?
-24
Let w(s) = 109*s**3 + 1194*s**2 - 37*s + 33. Determine w(-11).
-165
Let q(b) = 17*b**2 - 7684*b - 1. What is q(452)?
-1
Let a(r) = 76*r**3 + 1215*r**2 - 17*r - 65. Determine a(-16).
-49
Let j(i) = 7*i**3 - 18*i**2 + 151*i - 732. What is j(4)?
32
Let d(j) = -j**2 + 5*j + 2915. What is d(-50)?
165
Let r(d) = 19*d**2 + 36*d - 250. Give r(9).
1613
Let r(l) = 15188*l + 75934. Determine r(-5).
-6
Let z(d) = -5*d**2 + 296*d + 4129. Calculate z(71).
-60
Let s(c) = 2*c**3 + 186*c**2 + 3*c - 578. Give s(-93).
-857
Let o(x) = x**2 + 4066*x + 184918. Determine o(-46).
-2
Let v(z) = -128858*z - 773040. Determine v(-6).
108
Let s(n) = -18861*n + 999647. Give s(53).
14
Let k(h) = 5*h**3 - 19*h**2 + 141*h - 49. What is k(5)?
806
Let p(f) = -3*f**3 - 99*f**2 - 509*f + 37. Calculate p(-7).
-222
Let p(j) = -2*j**3 + 1865*j**2 + 572714*j - 2358. Give p(1176).
-6
Let h(m) = -32*m - 3248. Give h(-103).
48
Let t(a) = 2*a**3 + 89*a**2 + 196*a - 657. Calculate t(-42).
-69
Let i(b) = 29*b**2 + 24*b - 1192. Determine i(-7).
61
Let h(g) = 5*g**3 + 73*g**2 - 654*g + 362. Determine h(7).
1076
Let k(v) = -66*v**2 + 1295*v + 513. Determine k(20).
13
Let m(z) = -138*z + 2679. What is m(34)?
-2013
Let w(y) = 7925*y + 103051. Give w(-13).
26
Let a(m) = -11*m**2 + 1873*m - 2439. Determine a(169).
-73
Let z(n) = n**3 + 151*n**2 - 170*n - 2181. Calculate z(-152).
555
Let v(b) = 144*b**3 + 9*b**2 + 38*b - 4. Calculate v(-2).
-1196
Let z(k) = -34317*k - 34315. What is z(-1)?
2
Let l(s) = 23781*s - 784768. What is l(33)?
5
Let w(p) = -3*p**3 - 249*p**2 - 559*p - 25692. Calculate w(-82).
-26
Let l(o) = -1831*o + 17. What is l(1)?
-1814
Let w(b) = -96*b**3 - 14*b**2 - 73*b - 99. Determine w(-2).
759
Let n(x) = 489*x + 884. Determine n(-2).
-94
Let u(t) = 4*t**2 - 639*t + 16546. Give u(127).
-91
Let f(k) = -9*k**3 - 323*k**2 + 7*k - 1072. Calculate f(-36).
-28
Let k(t) = -508*t + 3002. Give k(6).
-46
Let d(p) = p**3 + 24*p**2 + 86*p - 24. Give d(-14).
732
Let i(c) = -c**2 - 30*c + 14162. Determine i(104).
226
Let m(o) = -163*o**2 + 146*o + 12. Give m(1).
-5
Let q(y) = -y**3 + 6*y**2 - 2*y - 234. Give q(0).
-234
Let d(x) = -5*x**3 - 12*x**2 - 3*x + 40. Give d(-5).
380
Let g(w) = 2*w**2 + 1018*w - 13214. What is g(13)?
358
Let o(s) = 5027*s - 80048. Give o(16).
384
Let p(w) = -w**2 - 4572106*w - 77725511. Calculate p(-17).
2
Let p(d) = -55*d**2 + 420*d + 11. Determine p(3).
776
Let o(v) = -v**3 + 92*v**2 - 200*v + 1799. Determine o(90).
-1
Let p(i) = -2*i**3 - 238*i**2 - 246*i - 1354. Calculate p(-118).
-174
Let o(c) = -2*c**2 - 14740*c + 310463. What is o(21)?
41
Let a(p) = 98805*p - 197606. Give a(2).
4
Let r(b) = 1296*b**2 - 10538*b + 1368. What is r(8)?
8
Let y(p) = -2*p**3 - 235*p**2 - 354*p - 715. Calculate y(-116).
-19
Let o(p) = p**3 - 423*p**2 - 947*p - 199. Calculate o(-2).
-5
Let j(u) = 4*u**2 - 185*u - 580. Determine j(-3).
11
Let v(d) = -80134*d - 24